e the prime factors of 396566235?
3, 5, 13, 677891
What are the prime factors of 369177363?
3, 293, 139999
List the prime factors of 196169420.
2, 5, 41, 239231
List the prime factors of 4723761469.
7, 7243, 93169
List the prime factors of 75371955.
3, 5, 19, 264463
What are the prime factors of 395750357?
395750357
List the prime factors of 203590890.
2, 3, 5, 19, 67, 1777
List the prime factors of 25050404.
2, 23, 272287
What are the prime factors of 8423340?
2, 3, 5, 29, 47, 103
List the prime factors of 4693096476.
2, 3, 139, 312623
List the prime factors of 60417897.
3, 101, 199399
What are the prime factors of 3118541627?
31, 2131, 47207
List the prime factors of 496831215.
3, 5, 193, 171617
What are the prime factors of 379032873?
3, 126344291
List the prime factors of 757758846.
2, 3, 13, 103, 257, 367
List the prime factors of 45488299.
19, 2394121
What are the prime factors of 8783663669?
11, 798514879
List the prime factors of 333562808.
2, 2383, 17497
List the prime factors of 606667391.
11, 97, 479, 1187
List the prime factors of 101928897.
3, 7, 83, 101, 193
List the prime factors of 2927541908.
2, 1229, 595513
List the prime factors of 4167679064.
2, 17, 131, 449, 521
What are the prime factors of 48114151?
48114151
What are the prime factors of 1382390149?
7, 53, 83, 44893
List the prime factors of 337479896.
2, 13, 431, 7529
What are the prime factors of 591511130?
2, 5, 7, 8450159
List the prime factors of 803440901.
803440901
What are the prime factors of 146277795?
3, 5, 101, 96553
List the prime factors of 59096536.
2, 19, 388793
List the prime factors of 7530356.
2, 1882589
What are the prime factors of 929408478?
2, 3, 154901413
List the prime factors of 4456801947.
3, 13, 61, 83, 22571
What are the prime factors of 218515608?
2, 3, 53, 173, 331
What are the prime factors of 1572287968?
2, 49133999
List the prime factors of 47421684.
2, 3, 47, 28027
List the prime factors of 304133304.
2, 3, 19, 666959
List the prime factors of 19742954.
2, 7, 11, 128201
What are the prime factors of 327784398?
2, 3, 337, 162109
What are the prime factors of 28264309?
23, 1228883
What are the prime factors of 26693447?
11, 167, 1321
What are the prime factors of 427027072?
2, 331, 10079
What are the prime factors of 10237185?
3, 5, 7, 23, 157
List the prime factors of 259728256.
2, 43, 47189
List the prime factors of 111072140.
2, 5, 587, 9461
List the prime factors of 292132587.
3, 97377529
List the prime factors of 707181617.
29, 24385573
What are the prime factors of 1420078528?
2, 11, 397, 5081
What are the prime factors of 175150887?
3, 58383629
What are the prime factors of 1999266253?
32413, 61681
List the prime factors of 3493431837.
3, 7, 373, 148663
What are the prime factors of 407265760?
2, 5, 11, 19, 641
What are the prime factors of 62536029?
3, 41, 389, 1307
List the prime factors of 390966655.
5, 79, 557, 1777
What are the prime factors of 3254913?
3, 503, 719
What are the prime factors of 457934786?
2, 228967393
What are the prime factors of 577690376?
2, 72211297
List the prime factors of 85535300.
2, 5, 47, 18199
List the prime factors of 989647466.
2, 494823733
List the prime factors of 33958822.
2, 37, 61, 7523
What are the prime factors of 516485444?
2, 47, 2747263
List the prime factors of 2112477675.
3, 5, 7, 11, 365797
List the prime factors of 3263720697.
3, 29, 12504677
List the prime factors of 4686017239.
59, 103, 683, 1129
List the prime factors of 1530699382.
2, 97, 151, 52253
List the prime factors of 50856166.
2, 25428083
What are the prime factors of 1462493523?
3, 487497841
List the prime factors of 451676188.
2, 1061, 106427
List the prime factors of 265009494.
2, 3, 199, 221951
List the prime factors of 29661937.
131, 226427
List the prime factors of 678277443.
3, 226092481
List the prime factors of 1879460218.
2, 939730109
What are the prime factors of 5584141716?
2, 3, 73, 131, 48661
List the prime factors of 956182849.
4513, 211873
What are the prime factors of 51668901?
3, 71, 26953
List the prime factors of 217828038.
2, 3, 17, 337, 6337
List the prime factors of 628836899.
29, 21684031
List the prime factors of 5259254196.
2, 3, 7, 62610169
List the prime factors of 735916008.
2, 3, 1607, 19081
What are the prime factors of 14733933?
3, 4911311
What are the prime factors of 29206590?
2, 3, 5, 7, 139079
What are the prime factors of 32103553?
32103553
What are the prime factors of 79054162?
2, 11, 3593371
List the prime factors of 249390046.
2, 73, 937, 1823
List the prime factors of 5444599896.
2, 3, 29, 61, 14249
List the prime factors of 1377315671.
43, 4493, 7129
List the prime factors of 35099898.
2, 3, 337, 17359
List the prime factors of 3439097721.
3, 2089, 182921
List the prime factors of 12337390.
2, 5, 13, 94903
What are the prime factors of 3817406772?
2, 3, 37, 955307
What are the prime factors of 820000966?
2, 89, 1187, 3881
What are the prime factors of 47927883?
3, 23, 59, 61, 193
List the prime factors of 39644877.
3, 31, 149, 2861
What are the prime factors of 2645903689?
11, 13, 283, 65381
List the prime factors of 205862975.
5, 8234519
List the prime factors of 1263736504.
2, 2293, 68891
What are the prime factors of 463665727?
7, 103, 643087
List the prime factors of 24305946.
2, 3, 7, 383, 1511
What are the prime factors of 1046696632?
2, 3457, 37847
List the prime factors of 100550819.
41, 2452459
List the prime factors of 647841.
3, 23, 41, 229
List the prime factors of 203063319.
3, 22562591
What are the prime factors of 91191781?
91191781
What are the prime factors of 1171773596?
2, 7, 5981, 6997
List the prime factors of 267304104.
2, 3, 1237519
What are the prime factors of 7680611?
89, 211, 409
What are the prime factors of 113371007?
311, 364537
List the prime factors of 161008219.
61, 1103, 2393
List the prime factors of 38397580.
2, 5, 13, 23, 6421
What are the prime factors of 370280987?
19, 19488473
What are the prime factors of 5348598158?
2, 23, 709, 163997
List the prime factors of 783619187.
13, 2539, 23741
List the prime factors of 278065725.
3, 5, 7, 529649
What are the prime factors of 22601716?
2, 19, 297391
List the prime factors of 46953307.
241, 194827
List the prime factors of 36543418.
2, 757, 24137
What are the prime factors of 22769295?
3, 5, 97, 15649
What are the prime factors of 1240752698?
2, 620376349
What are the prime factors of 708349484?
2, 97, 379, 4817
What are the prime factors of 2082451043?
47, 5843, 7583
What are the prime factors of 305966403?
3, 53, 7919
List the prime factors of 287898449.
317, 908197
List the prime factors of 222210737.
7, 191, 23743
What are the prime factors of 2566991190?
2, 3, 5, 85566373
List the prime factors of 287639703.
3, 13, 2458459
List the prime factors of 369945417.
3, 191, 645629
List the prime factors of 19649229.
3, 17, 385279
What are the prime factors of 333382951?
11, 2755231
List the prime factors of 72051151.
17, 4238303
What are the prime factors of 2523622981?
11, 2767, 82913
What are the prime factors of 250144045?
5, 50028809
List the prime factors of 68735623.
11, 107, 5309
List the prime factors of 411838537.
11, 3203, 11689
What are the prime factors of 107019333?
3, 59, 67181
List the prime factors of 85664985.
3, 5, 7, 29, 4019
What are the prime factors of 738246820?
2, 5, 41, 83, 10847
List the prime factors of 1893817873.
1893817873
What are the prime factors of 1680919318?
2, 13, 233, 293, 947
List the prime factors of 722168690.
2, 5, 71, 1017139
What are the prime factors of 2747459256?
2, 3, 114477469
What are the prime factors of 178625654?
2, 113, 790379
What are the prime factors of 1802102881?
31, 107, 599, 907
List the prime factors of 218851388.
2, 7, 7816121
List the prime factors of 18252327.
3, 223, 27283
What are the prime factors of 54599147?
167, 326941
What are the prime factors of 31179927?
3, 23, 311, 1453
What are the prime factors of 288977250?
2, 3, 5, 313, 1231
What are the prime factors of 39984930?
2, 3, 5, 19, 67, 349
List the prime factors of 84171014.
2, 31, 503, 2699
What are the prime factors of 286744834?
2, 143372417
What are the prime factors of 41931924?
2, 3, 1579, 2213
List the prime factors of 30260934.
2, 3, 11, 152833
What are the prime